 = 2*a - 478, 3*a - 2*m = -0*m + 757. What is the hundreds digit of a?
2
Suppose 7*r + 132*r - 2601844 = -33*r. What is the ten thousands digit of r?
1
What is the ten thousands digit of (532 - 346088)*1/(-4)?
8
Suppose 25*h = 4*h + 7035. Suppose -c - c = 5*x - h, -4*x = 5*c - 251. What is the units digit of x?
9
Let n(s) = 247*s - 33. What is the tens digit of n(1)?
1
Let y(j) = -j**2 - j + 58. Let u be y(7). Suppose u*a - 1120 = 5*b - 167, 5*a - 3*b - 2430 = 0. What is the tens digit of a?
8
Let m = -37624 + 64692. What is the tens digit of m?
6
Suppose 20*t - 21 = 39. Suppose -5*p - 821 = -a, -t*a + 5*p - 648 = -3081. What is the hundreds digit of a?
8
What is the hundreds digit of (-3 - -2)*232*15/(-12)?
2
Let y = -8434 - -18557. What is the units digit of y?
3
Let q(s) = 69*s**2 + 3*s - 2. Let r be q(1). Suppose 2*v = -0*f - 2*f + 176, -v + 5*f + r = 0. What is the units digit of v?
5
Suppose 0 = 2*y + 2*y - 4*f + 4, f = -y + 9. Suppose 4*l - 23 = r, -y*l + l - 4*r = -22. Suppose -l*q - 507 = -1833. What is the hundreds digit of q?
2
Suppose -2*b + 2*c = -4*b - 486, c - 253 = b. Let g = -155 - b. What is the units digit of g?
3
Suppose 0 = 5*u - 6*u + 34. Suppose -33*z = -u*z + 204. What is the tens digit of z/(-16)*2*-2?
5
Suppose -5*s + 37965 = 5*p, 15*p - 17*p + s + 15183 = 0. What is the tens digit of p?
9
Let n = 33989 - 7990. What is the ten thousands digit of n?
2
Let q(j) be the second derivative of -3*j**3/2 - 3*j**2/2 - 11*j. Let f be q(-1). Suppose -10*a + 108 = -f*a. What is the units digit of a?
7
Suppose -6*r + 2*r + 16 = 0. Suppose -2234 = -4*h + 2*c, 9*c - 6*c + 2237 = r*h. What is the tens digit of h?
5
Let t = 956 + 4927. What is the units digit of t?
3
Let v = -116 + 124. Suppose -v*i = 7*i - 1455. What is the tens digit of i?
9
Suppose 3*s - 15 = -0. Suppose 0 = -s*t - 4*a + 5287, -5*a - 2125 = -2*t - 10*a. Suppose t = 5*k + 3*m, -309 - 542 = -4*k - m. What is the units digit of k?
4
Let c be (1103/(-5) - 0)/(79/(-395)). Suppose v - 277 = 2*t - c, -2*v - 1237 = -3*t. What is the units digit of t?
5
Suppose 5*r - 5*b - 105 = -30, 3*b + 81 = 5*r. What is the hundreds digit of (15/r)/((-1)/(-1542))?
2
Suppose -h + 79 - 85 = 0. What is the hundreds digit of -76*(-4)/h*(-186)/16?
5
Suppose 7*q = 3*k - 10787, 2*k - 2*q - 8473 = -1295. What is the hundreds digit of k?
5
What is the hundreds digit of (-24)/(-28) - 144544/(-56)?
5
What is the hundreds digit of (-1162)/12*(-1638)/39?
0
Suppose 44*s + 119520 - 282930 = 203770. What is the tens digit of s?
4
Let x be (-52)/(-20) + 6/(-10). Let r(a) = 10*a**3 - 4*a**2 + 8*a - 7. What is the tens digit of r(x)?
7
Let y = -3086 - -4695. What is the hundreds digit of y?
6
Let m be -4 - (462/(-7))/((-3)/(-28)). Let v = -262 + m. What is the units digit of v?
0
What is the units digit of 3/(21/38647) + -6 - (1 + 3)?
1
Let r = -63570 + 92909. What is the hundreds digit of r?
3
Suppose 1228*a - 410220 = 1138*a. What is the thousands digit of a?
4
Let r(d) = -32*d - 3. Let n be r(-3). Let w = 18 - n. What is the units digit of ((-3)/1)/(w/200)?
8
Suppose 0 = -5*j + 3*h - 1401, h = 4*j + 1281 - 156. Suppose 0 = 3*s + 113 + 340. Let z = s - j. What is the hundreds digit of z?
1
Suppose 0 = -8*l - 4*d + 349440, 5*l - 219029 = 5*d - 689. What is the ten thousands digit of l?
4
Let v = 36249 + -10471. What is the units digit of v?
8
Suppose -20743 = 57*k - 177037. Suppose 3*p - 14*f + 11*f = k, -p + 2*f + 918 = 0. What is the tens digit of p?
1
Let b = 111 - 294. Let n = 317 + b. What is the tens digit of n?
3
Suppose 0 = 11*m - 142 - 232. Suppose -o - 14 = -2*p, 7*o = 6*o - 2*p - 10. Let k = m + o. What is the tens digit of k?
2
Let p be -7 + (6 + -4 - -18). Suppose -v + 4*h = -17, p = -4*v - 4*h + 121. What is the units digit of v?
5
Suppose -2*o = -82 - 434. Let x = -205 + o. What is the tens digit of x?
5
Let p(q) be the first derivative of -227*q**2/2 - 251*q - 164. What is the thousands digit of p(-6)?
1
Suppose -2*q - 3*z + 132 + 293 = 0, -2*z = 2*q - 420. Let r = 371 - q. Suppose 3*s - r = 299. What is the units digit of s?
5
Suppose k + 135 = 2*k. Let o = k - -95. What is the tens digit of o?
3
Let v = -300 + 138. What is the units digit of -3*(-4)/54 - 42894/v?
5
Let r = -280 - -638. Suppose 5*k = 187 + r. What is the tens digit of k?
0
Let t be (-13)/(-6) + -2 - 2181/18. Let r = -67 - t. What is the tens digit of r?
5
Let a(x) = -x**3 - 8*x**2 - 12*x - 5. Let i be a(-9). Let w = -54 + i. Suppose 3*n = w - 34. What is the tens digit of n?
3
Let a(o) be the third derivative of 341*o**5/15 - o**4/12 - o**3/3 - 173*o**2. What is the units digit of a(1)?
0
Let z(o) be the first derivative of -13*o**4 - o**3 - 2*o**2 - o + 1852. Let j be (-1 + 0 + 0)/1. What is the tens digit of z(j)?
5
Let f = 4841 + -1623. What is the thousands digit of f?
3
Let g = 85487 + -47986. What is the hundreds digit of g?
5
Suppose -f - 2633 - 73298 = -5*x, -2*x + 5*f + 30354 = 0. What is the hundreds digit of x?
1
Let z(k) = -25*k - 11. Let d be z(-24). Let j = d + -289. Suppose -2*v + j = 2*v. What is the units digit of v?
5
Let l(u) = 50*u**2 - u - 49*u**2 + 3 + 5*u. Let h be l(-4). What is the tens digit of h/1 + -5 + (-2 - -39)?
3
Let g(s) = -s**2 - 20*s - 36. Let p be g(-18). Let c be 15/(-45)*(p + 51/(-1)). What is the tens digit of -1 - 4/(-2) - (c + -188)?
7
Let a(c) = 45*c + 31. Let w(z) = -47*z - 34. Let f(t) = 2*a(t) + 3*w(t). What is the tens digit of f(-4)?
6
Suppose -h = -5, 3*c + 32 = 2*h - 8. What is the units digit of (-854)/c - 0 - (-34)/(-85)?
5
Let y be 5930/10 + (0 - (-4 - -3)). Suppose -22*u + 6996 = y. What is the hundreds digit of u?
2
Let a(f) = f**3 - 16*f**2 - f + 11. Let k be a(16). Let j(s) = -3*s**2 - 13*s + 4. Let i be j(k). What is the tens digit of (-3)/i - 31/(-2)?
1
Let p be (-517)/(1/(-30)*3). Suppose 4*v - p = -7*v. What is the units digit of v?
0
Let k be (-9)/(-2) + 2*6/8. Suppose -5*g = 3*w - 2393, -g + 489 = -8*w + k*w. What is the hundreds digit of g?
4
Suppose 2*x = 700 + 128. Suppose 2661 = 5*u - x. What is the units digit of u?
5
Let i be -1 + (998 - 0) + 7. Let l = i - 492. What is the tens digit of l?
1
Suppose 61*g + 4144 = 63*g. Let a be 3/5 + g/60*-3. What is the hundreds digit of -6*(a/6 - (-4)/8)?
1
Suppose 18*k = -1763 - 793. Let z = 74 - k. What is the hundreds digit of z?
2
Suppose -97*j = -166*j + 335202. What is the units digit of j?
8
What is the thousands digit of 5/1*530028/150*(-150)/(-45)?
8
Suppose 800*c - 752*c - 2490144 = 0. What is the tens digit of c?
7
Let w be (-421154)/(-190) - -6*(-2)/20. Suppose -9*o + 6136 = -w. What is the hundreds digit of o?
9
Suppose 4*v = -3*b + 732, 5*v = -3*b - b + 916. Suppose 2*j = -3*j - v. What is the units digit of (-4491)/j - (21/12 + -2)?
5
Suppose -88*i - 60*i = -1172900. What is the units digit of i?
5
Let c(q) = 3*q**2 + 3*q - 146. Let n be c(0). Let z = n + 235. What is the units digit of z?
9
Let p be 1*(-10)/(-2) - (-4)/2. Suppose 11*g = 3*z + p*g - 2892, 5*z + 2*g - 4794 = 0. What is the hundreds digit of z?
9
Let m(f) be the first derivative of f**4/3 - 7*f**3 + 19*f**2 + 26. Let v(u) be the second derivative of m(u). What is the units digit of v(12)?
4
Let o(k) = 10*k - 84. Let d(t) = 9*t - 84. Let b(c) = 5*d(c) - 6*o(c). Let j(i) = -2*i - 1. Let r(v) = -b(v) + 2*j(v). What is the tens digit of r(15)?
7
Let k = 79 + -75. Suppose 3*u - 5*n = -2 - 0, -3*u + k*n - 1 = 0. Suppose s - 63 = -0*s - 5*d, -u = -d. What is the tens digit of s?
5
Suppose m - 4*t = 92, -2*t + 41 = -2*m + 225. Let j be (-2)/6 - (-188)/(-3). Let k = m + j. What is the units digit of k?
9
Suppose -2*y = 4*g - 79054 - 25322, -7*g = 4*y - 182654. What is the units digit of g?
8
Let y be ((77/(-21))/11)/(1/12). Let r be (y/16)/(3/(-12)). What is the units digit of (r - 4)/6 - 10/(-4)?
2
Let f be ((-9373)/(-15) - 0) + 46/345. Suppose 13*q - 805 - f = 0. What is the tens digit of q?
1
Let r(x) = -100*x + 174. Let u be r(13). Let t = -708 - u. What is the units digit of t?
8
Let k be -4*3/6 - 44. Let n be 207/k*2/(-3). Suppose 9 + 6 = -5*j, -m + n*j + 122 = 0. What is the units digit of m?
3
Let h(d) = 4*d**3 - 34*d**2 - 59*d - 87. Let b(j) = -9*j**3 + 70*j**2 + 117*j + 173. Let u(g) = 3*b(g) + 7*h(g). What is the hundreds digit of 